n) = n**2 - 2*n - 4. What is the tens digit of o(l)?
3
Suppose -5*b + 503 = -3*r, -4*r + 98 = b - 2*r. Suppose 0 = 4*s + 408 - b. What is the tens digit of (-3)/(-7) - 3047/s?
4
Let x = -108 + 108. Suppose x = 6*d - 7*d + 208. What is the units digit of d?
8
Suppose -4*x + 0*x - 28 = 2*f, 4*f - x + 11 = 0. Let o be 1 - f - (2 - 0). Suppose 4*b = 5*r - 0*b - 109, -o*b - 66 = -3*r. What is the units digit of r?
1
Let q(w) = w**3 - 46*w**2 + 24*w + 37. What is the thousands digit of q(46)?
1
Suppose -3*i + 12 = -7*i. Suppose 0 = -5*j + 118 + 107. What is the units digit of (3/(-9))/(i/j)?
5
Suppose -5*w + 691 + 1224 = 0. What is the hundreds digit of w?
3
What is the hundreds digit of 235 - (-2)/(6/3)?
2
Suppose 0 = -11*z + 18*z - 20720. What is the thousands digit of z?
2
Let x be 6/(-9) + 1078/6. Let k = x - 88. What is the units digit of k?
1
Suppose -6*h - 2 = -26. Suppose -h*x - 4*q = -540, 4*x = -4*q + 3*q + 537. What is the tens digit of x?
3
Let s(z) = 47*z**3 + z**2 + z. Let m be s(-1). Let q = m + 59. What is the tens digit of q?
1
Let x = 3375 - 1594. What is the thousands digit of x?
1
Let i(a) = -11*a**3 - 44*a**2 + a + 46. Let z(g) = 7*g**3 + 29*g**2 - g - 31. Let s(j) = 5*i(j) + 8*z(j). What is the tens digit of s(-12)?
1
Let r(f) = f**3 - 7*f**2 + 8*f + 1. Suppose 5*w - 4*w = -2. Let h = w + 8. What is the tens digit of r(h)?
1
Suppose 6*b + 9 = 3. What is the hundreds digit of ((-11)/3)/(b + 87/90)?
1
Suppose -4*g + 64 = -0*g. Suppose -2*u - 4 = -i, -2*i + 1 + 3 = -3*u. Let s = u + g. What is the tens digit of s?
1
Suppose -4*m + 529 = 6*x - 3*x, -4*m = -16. What is the units digit of x?
1
Let q = 130 + -15. What is the tens digit of q?
1
Let c(l) = -5*l - 26. Let k be ((-2)/(-6))/((-4)/132). What is the units digit of c(k)?
9
Suppose 0 = -5*y - f + 85, -4*y + 22*f = 24*f - 68. What is the units digit of y?
7
Suppose 5*a = 4*r + 396, -4*a = -2*r + 3*r - 321. What is the units digit of (-1540)/a*(-4 - 0)?
7
Suppose 2*n = 3*n - 35. Let j = n - 86. What is the tens digit of 4*j/(-6) + -2?
3
Suppose 5*u + 4*v = -30, -9 = -3*u + 5*v - 2*v. What is the units digit of (2 - (-134)/(-4))*u?
3
Suppose 3*s - 293 - 358 = 0. Suppose -2*n = -s - 65. Let w = n - 96. What is the units digit of w?
5
Suppose 28*v + 23461 = 77193. What is the tens digit of v?
1
Let d(b) = -b**3 - b**2 + b. Let p(a) = 4*a**3 + 5*a**2 - 3*a + 4. Let n(x) = -6*d(x) - p(x). What is the tens digit of n(3)?
5
Let k(t) = t**2 + 4*t - 15. Let g be k(-7). Suppose -96 = 2*z - g*z. What is the tens digit of z?
2
Suppose 12*k = 242 + 82. What is the units digit of k?
7
Let u = 0 - -5. Let i = u + -2. Suppose 40 = -r + i*r. What is the units digit of r?
0
Let i be (-4 + 6)/(2/17). Let k = 19 - i. Suppose 9 = -t - 5*m, 2*m + 7 = k*t - 35. What is the units digit of t?
6
Suppose 6 = 5*j - 9. Let f be j/(-1) - 1*-1. What is the units digit of (f + 24/10)*20?
8
Suppose 4*v = 362 - 1258. Let x = v + 314. What is the tens digit of x?
9
Suppose -12 = 41*l - 43*l. Suppose l*h - 852 = 1122. What is the units digit of h?
9
Let w(a) be the third derivative of a**6/60 + a**5/60 + 4*a**2. What is the tens digit of w(3)?
6
Let b = 1712 + -1069. What is the tens digit of b?
4
Let f = -59 + 62. Suppose f - 41 = -v. What is the tens digit of v?
3
Let h(v) = 0*v - 3*v**3 - v - 6*v**3 - 19*v**3. What is the tens digit of h(-1)?
2
Let z = 8 - 8. Suppose z = 4*v - 5*v + 3. Suppose 180 = 5*f + 3*b, -v*b - 117 = -4*f - 0*f. What is the units digit of f?
3
Suppose 0 = 5*d + 74 - 29. What is the units digit of (-2*8)/(6/d)?
4
Let o = -19 - -22. Suppose 0 = o*n - 1 - 8. Suppose n*k = -5*l + 147 + 45, -153 = -4*l - 3*k. What is the tens digit of l?
3
Let b(u) = -u + 10. Let m be b(10). Suppose -2*w + m - 10 = 2*z, w = 4*z + 20. Suppose w = -4*q + y + 57, -4*q + 33 = y - 14. What is the tens digit of q?
1
Suppose 5*l = 180 + 15. Suppose -i - 30 = -l. Suppose 2*y - 6 = -r + 3*r, 0 = -2*y + r + i. What is the units digit of y?
6
Suppose 0 = -2*v + 3*v - x + 1, 0 = 2*v + x - 13. Suppose 0 = -g - 2*p + 120, -2*p + 35 = v*g - 433. What is the hundreds digit of g?
1
What is the tens digit of (2 + 31)/(5 + (-942)/192)?
5
Suppose 0*u - 3900 = -6*u. What is the hundreds digit of u?
6
Suppose 0 = 4*j + 2*i - 38, -4*i = 5*j - i - 48. Suppose 2*d + d = j. Suppose d*k + 3*h - 27 = 0, 7 + 3 = -2*h. What is the units digit of k?
4
Suppose -2*c - 24 = -5*p, -4*p + 26 - 4 = -3*c. Suppose -p*g + 237 = -39. What is the units digit of g?
9
Let f = 4 + 32. Let c(p) = 2 - 28*p + f*p - 4*p**2 + 3*p**2 + 5. What is the units digit of c(8)?
7
What is the hundreds digit of (-34)/(9 + -12 + (-122)/(-42))?
3
What is the hundreds digit of 19780/30 + (-2)/6?
6
Let j = -709 - -1544. What is the units digit of j?
5
Suppose -16301 = -4*u + 3*z, -2009 - 6141 = -2*u + 2*z. What is the units digit of u?
6
Let t be 2337/38*28/6. Let w = 530 - t. What is the hundreds digit of w?
2
What is the units digit of -5 + (-4 - (7 - -2))*-11?
8
Suppose -4*r = -33 - 19. Suppose 0 = -f + 61 + r. What is the tens digit of f?
7
Let x(u) = -55*u**3 - u. Suppose 0 = -4*s - s. Suppose -2*a = 4*z + 18, 5*a + 4*z - 2*z + 13 = s. What is the tens digit of x(a)?
5
Let c(u) = 2*u**2 + 3*u - 1. Let y be c(3). Let p = y + -19. What is the tens digit of 18/63 - (-404)/p?
5
Let g = 142 - 111. Let d = g - -149. What is the tens digit of d?
8
Let h(a) = 2*a**2 - 40*a + 39. What is the units digit of h(29)?
1
Let a be -2*(-4 - (-59)/(-2)). Suppose -5*u = -2*z + 234, -u + 43 + a = z. What is the units digit of z?
2
Let o(x) = -x**2 + 61*x + 111. What is the units digit of o(44)?
9
Let p(g) = -g - 4. Let t be p(-9). Suppose 0*d = 3*d + t*i - 5, -3*d + 2*i = 23. Let f(k) = -k**2 - 12*k - 9. What is the tens digit of f(d)?
2
Let s(m) = m + 18. Let l(z) = z + 1. Let h(p) = -4*l(p) + s(p). Let w be h(-8). Suppose 33*r - w*r + 210 = 0. What is the tens digit of r?
4
Let c(u) be the first derivative of -9*u**2/2 - 12*u + 1. Let g be c(-6). Suppose g = b + j - 4*j, -4*j + 54 = 2*b. What is the units digit of b?
3
Let p = 10 - 6. Let g be (-6)/(-9)*(p - 1). Suppose 3*r + 4*i + 8 - 130 = 0, g*r + 3*i - 81 = 0. What is the tens digit of r?
4
Let d = -695 + 977. What is the tens digit of d?
8
Suppose -3*t + 14 = 2*u + 2, 2*u = -4*t + 14. Suppose 2*y + 3*q - 20 - 182 = 0, -u*y + 306 = 3*q. What is the tens digit of y?
0
Let p = -4200 - -6704. What is the thousands digit of p?
2
Let w(k) = k**2 - 8*k - 3. Let r = 30 + -27. Suppose r*q + 12 = 4*q. What is the tens digit of w(q)?
4
Suppose -2 = -g - o, 2*g - 2*o + 0*o = 8. Suppose 2*f + g*f = 10. Suppose -f*z - 3*c + 16 = 0, -c + 16 = 4*z - 3*c. What is the units digit of z?
5
Let d(n) = -n**3 + 5*n**2 + 4. Let s be d(4). Suppose 0 = -2*f + s + 18. Suppose 0 = -3*i + 86 + f. What is the tens digit of i?
3
Let q = 22 + -19. Suppose 23 = q*x - 2*x. What is the units digit of x?
3
Let o = -1212 - -2222. What is the units digit of o?
0
Let i(d) be the third derivative of d**4/4 - 10*d**3/3 + 28*d**2. Let w be -6 + 3 - (-1 + -11). What is the tens digit of i(w)?
3
Suppose 0 = -5*g - 2*m + 12, 2*m - 10 = -4*g - 0*g. Suppose -g*b - 25 = -7*b. Suppose -2*x = -b*o - 106, -4*o + 6*o - 44 = -x. What is the units digit of x?
8
Let r(x) = 6*x**2 + x - 1. Let b be r(1). Let y be -1 + 2 + (4 - b). What is the units digit of 1/y*-17*1?
7
Suppose 0 = 5*a - 3 - 12. Suppose -l + 3 = -0*l, 0 = -a*o - 3*l + 30. Suppose -o*r = -9*r + 58. What is the units digit of r?
9
Let o = 42 + 48. Suppose 0 = -j + 5*i + 157 + o, 0 = 3*i + 6. What is the hundreds digit of j?
2
Suppose 7*c - 360 = 9*c. What is the units digit of ((-1)/(-2))/((-543)/c - 3)?
0
Suppose -p + 33 + 61 = 0. What is the tens digit of p?
9
Let i(l) = l**3 - l**2 + l - 40. Let m be i(0). Let w = 26 - m. What is the units digit of w?
6
Let x(k) = 171*k**3 + k**2 - k. Let m be x(1). Suppose u - 4*u = m. Let h = -34 - u. What is the tens digit of h?
2
Let c = 18 + -10. Suppose j + 4 = c. Suppose -4*k + 4*i + 44 = 0, k - j - 5 = 3*i. What is the units digit of k?
2
Let j(h) = 4*h**2 + 4*h - 1. Let f be (-5)/2 - 1/2. What is the units digit of j(f)?
3
Let p(h) = -h**3 + 5*h**2 + 20*h - 16. Let c be p(8). Let q = -14 - c. What is the tens digit of q?
3
Let m = 1657 - 485. What is the units digit of m